j + w. Let b = 2506 - j. Calculate the greatest common divisor of 16 and b.
16
Suppose -4*c + 58*n = 50*n - 66060, -5*c = -4*n - 82581. What is the greatest common divisor of 398 and c?
199
Suppose -4963043 = -254*q - 327543. What is the greatest common divisor of 438 and q?
146
Let s(y) = 169*y - 509. Let u be s(11). What is the highest common divisor of u and 100?
50
Let s(g) = 11*g**2 + 57*g - 180. Let c be s(4). What is the greatest common divisor of c and 3500?
28
Let d(u) = 2*u**2 + 4*u + 4. Suppose 3*a - 12 = -15. Let y be 4/((a/3)/(4/6)). Let g be d(y). Calculate the greatest common divisor of g and 40.
20
Let c(b) = -b**2 - 60*b + 805. Let g be c(-71). What is the greatest common factor of 2316 and g?
12
Suppose 2*j - 27 = -j. Let t = -11124 - -11169. What is the greatest common divisor of t and j?
9
Let h be 125/(250/(-12)) - 22*4/(-8). Suppose 2*y + 1 = 3. What is the highest common factor of h and y?
1
Suppose -459 = -3*i - k, 390 + 54 = 3*i - 4*k. Suppose -2*w - w = 3*v - 72, 3*v + i = 5*w. What is the highest common divisor of w and 560?
28
Suppose -26*m = -25*m + 4*q - 1307, m - 2*q = 1331. What is the greatest common factor of m and 196?
49
Suppose -1511 - 6849 = -14*f - 5*f. What is the highest common divisor of 660 and f?
220
Suppose -3*g - 60 = -3*r, -4*r - 2*g - 46 = -156. Let o(u) = 4*u**2 - 87*u - 70. Let f be o(r). Calculate the greatest common factor of 60 and f.
15
Suppose 3*m - 90 = m. Let o(s) = -89*s + 26671. Let l be o(299). Calculate the highest common factor of l and m.
15
Let v be (-6 + 3/3)*25688/(-190). Suppose -3*u + g + v = 0, -3*u + 507 = 5*g - 163. What is the highest common factor of 30 and u?
15
Suppose -19*j + 25*j = 1080. Suppose -138*z + 137*z + j = 0. What is the greatest common factor of z and 3?
3
Suppose -4*i - 4*s = -8, 8 = 4*s - 0. Suppose i = -2*k - 5*z + 225, 4*z - 480 = -2*k - 2*k. Calculate the greatest common divisor of 5 and k.
5
Suppose 4*o + 2*r + r - 3345 = 0, -2*r = o - 830. Suppose 0 = 338*p - 326*p - o. What is the highest common divisor of p and 2?
2
Let c(u) = 2*u + 73. Let y be c(10). Let a be (49 - y)/((-4)/2). Calculate the greatest common divisor of 11 and a.
11
Let k = 324802 + -324770. Let u = 4 + 12. Calculate the highest common divisor of u and k.
16
Let h = -11189 + 11218. Calculate the greatest common factor of 5887 and h.
29
Let d(h) = h**2 + 60*h + 890. Let b be d(-40). Calculate the highest common factor of 88 and b.
2
Let w be ((-6036)/(-9))/(-1*4*(-4)/624). Calculate the highest common factor of 52 and w.
52
Let y(c) = c**3 - 15*c**2 - 17*c + 36. Let s = 3 - -13. Let p be y(s). What is the highest common factor of p and 8?
4
Let q = 25 - -310. Let l = q - 330. Let f = 2 + 0. What is the greatest common divisor of l and f?
1
Let b(k) = -k**3 - 2*k**2 + 5*k - 5. Let a(g) = 13*g - 251. Let l be a(19). Let z be b(l). What is the greatest common factor of z and 3?
1
Let k(x) = -211*x - 612. Let c be k(-3). Let t = -2 + 5. Suppose t*s + 0*s = 9. Calculate the highest common factor of c and s.
3
Suppose 0 = -136*f + 143*f - 5775. Calculate the greatest common factor of 627 and f.
33
Let u = -296 + 292. Let p be (-5)/(0 - -1) + (53 - u). What is the greatest common factor of p and 78?
26
Let y be 45/(-6)*(-38)/3. Suppose -6*m + y = 5. What is the highest common divisor of 5 and m?
5
Suppose y - 80 = -0*j + 4*j, 3*j = 2*y - 170. Let f = 178 - y. What is the greatest common factor of f and 18?
18
Suppose -2*h + 24 = -0*h. Suppose 168 = 5*x - 92. Suppose -14*p = -h*p - x. What is the highest common divisor of 39 and p?
13
Let q(i) = -i + 9. Let c be q(0). Let l be 1/(-4) - ((-23796)/16)/c. Suppose -3 = -p - 8, -3*p = 4*y - l. Calculate the highest common divisor of 30 and y.
15
Let n(y) = 3*y**2 - 168*y - 3441. Let f be n(72). Suppose m = -0*m + 165. What is the highest common factor of f and m?
15
Suppose 15*j + 75 = 30*j. Suppose j*f = 3*f + 50. Calculate the greatest common factor of 325 and f.
25
Suppose 48*g - 784 = 34*g. Suppose -g*d + 5*z = -60*d + 174, 0 = 5*d - 5*z - 240. Calculate the highest common factor of 16 and d.
2
Let w(o) = -119*o - 1543. Let d be w(-13). Calculate the greatest common factor of d and 49.
1
Suppose -4*d - 3 = -7*d. Let m be (14/(252/27))/(d/8). What is the greatest common factor of m and 324?
12
Suppose 12352 + 7052 = 18*k. What is the highest common divisor of 22 and k?
22
Let b(p) = -16228*p**3 - 7*p**2 - 7*p - 1. Let o be b(-1). Calculate the highest common divisor of o and 27.
27
Suppose 33*c - 100 = 29*c. Suppose -c = 5*g - 2*b, 5*b = -4*g + 6*g + 10. Let h be 2/(-2 - 0)*g. What is the greatest common divisor of 10 and h?
5
Let o be 1/((-1)/(-993))*(-98)/147. Let g = 709 + o. Calculate the highest common divisor of 705 and g.
47
Let p(c) = -c**3 - 13*c**2 - 50. Let y be p(-12). Let a be y/(-2) - (3 + -9 + 7). What is the greatest common divisor of 160 and a?
32
Let r(v) = 2*v**3 + 44*v**2 - 66*v - 257. Let t be r(-23). What is the greatest common divisor of 116 and t?
29
Let s be (-27)/(9/3)*(-10)/15. Let q(o) = o - 8. Let a be q(6). Let w be (-30)/(-3)*(-3)/a. What is the greatest common factor of s and w?
3
Let y = 20 - 17. Suppose 0*w - y = w + 2*g, -12 = -3*w + g. Suppose 0 = 4*h + 4*o - 52, w*o - 60 = -5*h - o. What is the highest common divisor of h and 40?
8
Let n(o) = -53*o - 67. Let b be n(-9). Let r = -311 + b. Calculate the highest common divisor of r and 9.
9
Suppose -2*l + 202 = -53*b + 55*b, 16 = -2*l. Calculate the greatest common divisor of 436 and b.
109
Let m be -7 + (-7)/(-1) + 2. Let u be (-6)/(-9) + 80/6. Let x = u - 10. Calculate the highest common factor of m and x.
2
Suppose -19*a + 14*a = 2*b - 267, 4*a = b + 211. Calculate the greatest common divisor of a and 25.
1
Let a(x) = -x**3 - 4*x**2 + 13*x + 10. Let q be a(-6). Let n be 8910/33 - 1*q. What is the highest common divisor of 14 and n?
14
Let h be ((15/6 + -1)*12)/(-1). Let c(m) = m + 42. Let k be c(h). Let l be 482/4 + (-1)/2. Calculate the greatest common divisor of l and k.
24
Let k = 2353 - 1555. What is the greatest common factor of 114 and k?
114
Let j be (119/(-35))/(-1 - (-8)/10). Let m be (2/5)/((-2)/(-20)). Let a be 1*(m - (-186 - -3)). Calculate the highest common factor of a and j.
17
Let d be 28/(-42)*3/(-4) + (-2599)/(-2). Calculate the highest common factor of 32 and d.
4
Let n(p) = -p**3 + 51*p**2 - 28*p + 1540. Let z be n(51). What is the highest common factor of 2660 and z?
28
Let v = -2380 - -2395. Suppose -6*k = -k + 3*a - 1191, -4*a - 252 = -k. What is the greatest common divisor of k and v?
15
Suppose -5*h - x + 195 = 0, -389*x + 205 = 5*h - 386*x. What is the greatest common factor of h and 6308?
38
Suppose 5*o - 3*k + 15 = 128, 0 = -3*o + 2*k + 67. What is the greatest common divisor of 125 and o?
25
Let s be ((-2)/5)/(1/5). Let m be ((-16)/s)/(3/66). Let v = 289258 + -289242. Calculate the highest common divisor of v and m.
16
Let g be (12/30)/(4/(-60) + 0). Let f be 12*g*(3 + (-39)/12). What is the greatest common divisor of 45 and f?
9
Suppose 10*h - 15*h = v - 368, 5*v = -h + 1840. What is the highest common factor of 1 and v?
1
Let c = 124 - 160. Let r = c - -115. Suppose 0 = 4*s - z - 277, -s + r = 8*z - 5*z. What is the greatest common divisor of s and 10?
10
Let p(h) be the first derivative of 7*h**2/2 + 112*h - 66. Let a be p(-15). Calculate the highest common divisor of a and 13.
1
Let u(d) = -d**2 + 4*d - 3. Let p be u(1). Suppose p = 3*z + 5*f - 8, 4*z + 4*f = 8 - 0. Calculate the greatest common factor of 9 and z.
1
Let r(g) be the third derivative of -g**4/24 + 31*g**3/6 + 29*g**2 - g. Let y be r(11). What is the greatest common divisor of y and 70?
10
Suppose -929*p + 928*p + 128 = 0. Calculate the greatest common factor of p and 48.
16
Let z(q) = 11*q - 92. Let n be z(23). Let i = 287 - n. Calculate the greatest common divisor of i and 72.
18
Let i(q) = -q**3 - 15*q**2 - 61*q - 35. Let g be i(-5). Calculate the greatest common divisor of 1395 and g.
5
Let y = 12127 - 11869. What is the highest common factor of 688 and y?
86
Let j(a) = 34*a**2 + 13*a - 13. Let n be j(1). What is the highest common factor of n and 6?
2
Let j = -27 + 81. Let f(h) = 8314*h + 58288. Let l be f(-7). Calculate the highest common factor of 